at is the remainder when 25 is divided by d?
4
Let x(g) be the first derivative of g**4/4 + 4*g**3/3 - g**2/2 + g - 1. What is the remainder when 43 is divided by x(-2)?
10
Suppose 7*i - 3*i = 320. Suppose i = -u + 5*u. What is the remainder when 79 is divided by u?
19
Let h = 6 + -8. Let z = h - -19. Calculate the remainder when z is divided by 9.
8
Calculate the remainder when (3 - -2)*1 + 31 is divided by 11.
3
Suppose -6 - 64 = -2*u. Calculate the remainder when u is divided by 18.
17
Let t(o) = 2*o + 9. Let w(j) = -j + 1. Let c(z) = t(z) + w(z). Suppose v + 5*d = 34, -7*d + 3*d = 5*v - 86. What is the remainder when v is divided by c(-5)?
4
Suppose -d + 3*b + 155 = 3*d, -5*d + 2*b + 192 = 0. What is the remainder when d is divided by 19 - 2*(-2)/4?
18
Let d = -54 + 82. Suppose 4*q - 26 = 82. Let n = q - 12. Calculate the remainder when d is divided by n.
13
Let d(p) = p + 36. What is the remainder when d(0) is divided by 19?
17
Suppose 5*s = 4*b - 12, 2*b = s - 0*s + 6. Suppose -b*c = 6 - 18. Suppose 0*m = c*m - 76. What is the remainder when m is divided by 7?
5
Let m = 95 - 38. What is the remainder when m is divided by 30?
27
Let y(z) = z**3 + 5*z**2 - 7*z - 2. Let a be y(-6). Suppose 0*s + 88 = a*s. Let q = -12 - -24. Calculate the remainder when s is divided by q.
10
Let a = -16 - -14. What is the remainder when ((-6)/18)/(a/114) is divided by 7?
5
Suppose -3*u - 2*b + 32 = 2*b, -5*u + 5*b = -30. Calculate the remainder when 15 is divided by u.
7
Let n(a) = 0*a + a + 0*a + 4. Let p be n(0). Suppose -6 - p = -2*q. What is the remainder when q is divided by 3?
2
Let v(q) = q**3 - q**2 - 4. What is the remainder when 20 is divided by v(3)?
6
Let k = -8 - -10. Suppose 12 = -f - 2*f, -2*w - k*f = 46. Let j = w - -64. What is the remainder when j is divided by 12?
9
Let t be 44/6*1*-3. Let k = -5 - t. What is the remainder when k is divided by ((-1)/2)/(1/(-12))?
5
Let i(f) = -f**2 - 9*f + 4. Calculate the remainder when 87 is divided by i(-6).
21
Suppose -l + 30 = l. Let h be (26*2)/2 - 2. Let c = 67 - h. Calculate the remainder when c is divided by l.
13
Suppose 2*l - 7*l = 5*m - 135, -26 = -l - 2*m. Let s = -2 + 17. Calculate the remainder when l is divided by s.
13
Suppose -15 = d - 2*d + 3*o, -o - 13 = -3*d. Calculate the remainder when 1 - d - -2 - -23 is divided by 13.
10
What is the remainder when 78 is divided by (609/(-174))/((0 - -1)/(-8))?
22
Let y = 9 - 6. Let d = y - -15. Calculate the remainder when -1 - -9*(-1 - -7) is divided by d.
17
Suppose -3*x + 5 = -2*l, -3*x + 5*l + 1 = 2. Let t = 1 + x. Calculate the remainder when t is divided by 9/2*16/24.
1
Suppose 0 = -6*s + 3*s + 30. Let p = s + -9. What is the remainder when 1/(((-4)/(-2))/2) is divided by p?
0
Suppose -2*v + 3 - 1 = 0. Suppose -4*w - 4 = -12. Suppose -4*g = 5*j - 18, -w - 2 = -g - j. Calculate the remainder when g is divided by v.
0
Let s(p) be the third derivative of p**4/24 - p**3/6 - p**2. Let t be s(-2). What is the remainder when (t/2)/((-12)/256) is divided by 17?
15
Suppose 4*q = 4 + 44. Calculate the remainder when 10 is divided by ((-32)/q)/((-4)/6).
2
Let g = -23 + 43. Calculate the remainder when 57 is divided by g.
17
Let f(b) = -b**3 + 6*b**2 - 4*b + 2. Calculate the remainder when 49 is divided by f(3).
15
Suppose 4*w - 20 = 0, 4*w = -2*g + w + 25. Calculate the remainder when g is divided by (-7)/(98/6)*-7.
2
Calculate the remainder when 6 is divided by (-4)/10*(4 - 9).
0
Let x = 126 + -80. What is the remainder when x is divided by 12?
10
Let h(g) = -5*g - 15. Let x(u) = 26*u + 76. Let r(a) = -16*h(a) - 3*x(a). Calculate the remainder when 43 is divided by r(5).
21
Suppose 0 = 2*b - 1 - 3. Suppose u + k - 399 = -3*u, b*u = -4*k + 182. Let m = 162 - u. What is the remainder when m is divided by 16?
13
Let s(y) = -2*y + 2*y + 0*y - y - 10*y**2 + 8 - y**3. Calculate the remainder when s(-10) is divided by 7.
4
Let a(w) = -2*w**3 - 8*w**2 - 4*w - 5. Calculate the remainder when a(-5) is divided by 14.
9
Let j(d) = -d - 1. Let q(w) = -w - 2. Let m(h) = -5*j(h) + 2*q(h). Let r be m(-5). Let o = r + 25. Calculate the remainder when o is divided by 6.
5
Let x be (4 - 6)*(5 - 1). Let l be (-9)/2*x/(-4). Let b = l + 17. What is the remainder when 23 is divided by b?
7
Suppose -2*s + w = -33, 2*s + w = -3*w + 38. Suppose 0 = 2*q + 2*t - 34, -s + 1 = 4*t. What is the remainder when 61 is divided by q?
19
Let v = -9 + -205. Let r = 307 + v. Calculate the remainder when r is divided by 24.
21
What is the remainder when ((-66)/8)/(15/(-40)) is divided by 4/(8/2) + 11?
10
Suppose 3*f + 2 = -10. Let s be (-2)/4 + (-326)/f. Suppose -j + s = 2*j. What is the remainder when j is divided by 14?
13
Suppose 0 = 4*d - 0*d - 300. Let p = d - 25. Let h = p + -26. Calculate the remainder when h is divided by 9.
6
Calculate the remainder when 9 is divided by (-3)/(-2)*26/39.
0
Suppose 4*g + 20 = 0, -10 = -5*r - 0*r - 3*g. What is the remainder when 14 is divided by r?
4
Suppose o + 18 = 4*o. Suppose -o - 12 = -3*r. Calculate the remainder when 10 is divided by r.
4
Calculate the remainder when (2/1)/(1 - (-245)/(-259)) is divided by 11.
4
Let y(l) = 4*l**2 + 4. What is the remainder when 76 is divided by y(-2)?
16
Let g = -7 - -23. What is the remainder when 61 is divided by g?
13
Suppose -4*p + 2*o + 48 = -4, -13 = -p - 3*o. What is the remainder when 76 is divided by p?
11
Suppose -3*c + 2 = -16. Calculate the remainder when 9 is divided by c.
3
Suppose -4*q + 20 = -4*n, 7 = -3*q + 2*q - 3*n. Suppose -z - 6 = -q*z. Calculate the remainder when 37 is divided by (-2)/(-6) + 76/z.
11
Let b = 40 - -52. What is the remainder when b is divided by 31?
30
Let i = -46 + 48. Calculate the remainder when 7 is divided by i.
1
Let s = 11 - 16. Let q = 11 + s. What is the remainder when 51 + (0 - q/3) is divided by 17?
15
Calculate the remainder when 16/(-6)*((-1377)/(-12))/(-9) is divided by 20.
14
Suppose 16 = -f - f. Let i(v) = 6 + 7*v - 3*v - 3*v - 2*v. Calculate the remainder when 25 is divided by i(f).
11
Let f(j) be the third derivative of -j**6/120 + 13*j**5/60 + j**4/24 - j**3/2 + 3*j**2. What is the remainder when 17 is divided by f(13)?
7
Suppose -3*i = -50 - 7. What is the remainder when i is divided by 10?
9
Suppose -3*z = b - 44 - 48, -2*z + 87 = b. What is the remainder when b is divided by 27?
23
Let k(x) = 26*x**3 - 2*x**2 - 2*x - 1. Let c be k(-1). Let j = c - -88. What is the remainder when j is divided by 21?
19
Let d = 7 - 3. Suppose -d*y = 5*k - 53, y + 4*y + 3*k = 63. Let c = y - 7. Calculate the remainder when 14 is divided by c.
4
What is the remainder when 58 is divided by -1*(-24)/28*7?
4
Suppose 5*b - 25 = 15. Let p = -2 - 4. Let k = b + p. Calculate the remainder when 3 is divided by k.
1
Let h be 3 + -13 + -1 + -1. Let n = h - -50. Suppose 0 = -4*j - t + 90, -2*j = -2*t - t - n. Calculate the remainder when j is divided by 8.
6
Let i = -11 - -48. What is the remainder when i is divided by 19?
18
Let g = -2 - -4. Let d be -6*6/(-4) + g. Suppose -d = 4*p - 5*p. What is the remainder when 20 is divided by p?
9
Let t = -5 - -7. Let r be 12*t*2/12. Suppose -10 + 90 = r*b. What is the remainder when b is divided by 7?
6
Let d(z) = -z + 12. Calculate the remainder when d(-4) is divided by 7.
2
Let k(r) = -3*r - 2 + 3*r - r**2. Let w be k(-2). Calculate the remainder when 2 is divided by w/(-12)*1*2.
0
Suppose -5*n = p - 3, 24 + 39 = -4*p + 5*n. Let k be p/18 - (-5)/3. What is the remainder when 26 is divided by -1 - (-45)/3*k?
12
Suppose 0 = -5*v + 5 + 10. Suppose j = -v*j. Suppose j = 7*u - 6*u - 4. Calculate the remainder when 6 is divided by u.
2
Let c = -9 + 7. Let z(l) = 2*l**2 + 2*l. What is the remainder when z(c) is divided by 3?
1
Let w = -15 - -97. What is the remainder when w is divided by 17?
14
Suppose 3*z - 4*f = z + 52, -3*f - 3 = 0. Calculate the remainder when 44 is divided by z.
20
Let a = 9 - 30. Let d = a - -43. Let c = -13 + d. Calculate the remainder when 17 is divided by c.
8
Suppose -21*m + 19*m + 18 = 0. Suppose -2*h = 5*s - 58, -h + 5*s = 3*h - 146. Calculate the remainder when h is divided by m.
7
Suppose 31 = 4*h - 33. Let d = 30 + 6. Suppose d = 2*t + 2*n - 28, 3*t - 90 = 3*n. What is the remainder when t is divided by h?
15
L